 millions digit of 4266869?
4
What is the millions digit of 10558083?
0
What is the ten thousands digit of 4499264?
9
What is the hundreds digit of 186072?
0
What is the millions digit of 32245009?
2
What is the ten thousands digit of 2494243?
9
What is the hundred thousands digit of 370392?
3
What is the tens digit of 4158604?
0
What is the ten thousands digit of 176239?
7
What is the ten thousands digit of 1229412?
2
What is the hundreds digit of 94819?
8
What is the hundreds digit of 1366970?
9
What is the units digit of 89407?
7
What is the millions digit of 5130473?
5
What is the ten thousands digit of 1544832?
4
What is the hundreds digit of 6733706?
7
What is the tens digit of 465000?
0
What is the hundred thousands digit of 3210997?
2
What is the thousands digit of 8855?
8
What is the thousands digit of 211017?
1
What is the hundreds digit of 9452454?
4
What is the hundred thousands digit of 15964353?
9
What is the units digit of 4671905?
5
What is the millions digit of 3891848?
3
What is the hundreds digit of 184359?
3
What is the millions digit of 1488000?
1
What is the hundred thousands digit of 7966122?
9
What is the millions digit of 27024956?
7
What is the hundreds digit of 687113?
1
What is the ten thousands digit of 241568?
4
What is the hundred thousands digit of 689647?
6
What is the units digit of 557085?
5
What is the hundreds digit of 11585079?
0
What is the ten thousands digit of 3418748?
1
What is the thousands digit of 310410?
0
What is the hundred thousands digit of 1346821?
3
What is the hundreds digit of 1222344?
3
What is the hundred thousands digit of 287415?
2
What is the ten thousands digit of 1137519?
3
What is the units digit of 173228?
8
What is the units digit of 221115?
5
What is the units digit of 151192?
2
What is the hundreds digit of 208568?
5
What is the thousands digit of 255763?
5
What is the hundred thousands digit of 3462326?
4
What is the tens digit of 174889?
8
What is the ten thousands digit of 775285?
7
What is the hundred thousands digit of 577445?
5
What is the hundreds digit of 16430454?
4
What is the hundreds digit of 15604824?
8
What is the thousands digit of 805903?
5
What is the hundreds digit of 19793558?
5
What is the tens digit of 439685?
8
What is the hundred thousands digit of 3769760?
7
What is the millions digit of 12768955?
2
What is the millions digit of 2419875?
2
What is the tens digit of 7681518?
1
What is the units digit of 397487?
7
What is the tens digit of 1171887?
8
What is the tens digit of 46283?
8
What is the thousands digit of 748465?
8
What is the thousands digit of 502754?
2
What is the tens digit of 8748892?
9
What is the hundreds digit of 1048548?
5
What is the ten thousands digit of 509528?
0
What is the ten thousands digit of 1146625?
4
What is the tens digit of 4114604?
0
What is the ten thousands digit of 1219062?
1
What is the hundreds digit of 3045681?
6
What is the tens digit of 196885?
8
What is the units digit of 1796668?
8
What is the thousands digit of 22028?
2
What is the hundred thousands digit of 468060?
4
What is the hundred thousands digit of 2018463?
0
What is the thousands digit of 246957?
6
What is the tens digit of 220349?
4
What is the ten thousands digit of 755441?
5
What is the thousands digit of 608855?
8
What is the ten thousands digit of 46315?
4
What is the hundreds digit of 2070438?
4
What is the units digit of 258440?
0
What is the tens digit of 1835261?
6
What is the hundred thousands digit of 1321890?
3
What is the ten thousands digit of 1788040?
8
What is the tens digit of 7429965?
6
What is the thousands digit of 17753?
7
What is the tens digit of 6113305?
0
What is the hundred thousands digit of 5046749?
0
What is the ten millions digit of 20129487?
2
What is the hundred thousands digit of 9119700?
1
What is the units digit of 1212457?
7
What is the hundreds digit of 88505?
5
What is the ten thousands digit of 195243?
9
What is the units digit of 6433279?
9
What is the units digit of 2024676?
6
What is the thousands digit of 4254704?
4
What is the tens digit of 924093?
9
What is the ten thousands digit of 4768843?
6
What is the tens digit of 1866130?
3
What is the tens digit of 4519382?
8
What is the hundred thousands digit of 502386?
5
What is the tens digit of 4617335?
3
What is the hundred thousands digit of 802214?
8
What is the units digit of 7542683?
3
What is the tens digit of 20015737?
3
What is the ten thousands digit of 7662236?
6
What is the tens digit of 232932?
3
What is the hundred thousands digit of 140777?
1
What is the units digit of 268301?
1
What is the ten thousands digit of 27281132?
8
What is the tens digit of 244159?
5
What is the hundred thousands digit of 558156?
5
What is the ten thousands digit of 204455?
0
What is the hundred thousands digit of 14963142?
9
What is the thousands digit of 717132?
7
What is the units digit of 2971974?
4
What is the hundreds digit of 13573895?
8
What is the tens digit of 1975875?
7
What is the hundred thousands digit of 20250406?
2
What is the ten thousands digit of 427609?
2
What is the thousands digit of 1580562?
0
What is the thousands digit of 21870644?
0
What is the thousands digit of 87394?
7
What is the units digit of 258619?
9
What is the millions digit of 15016356?
5
What is the hundred thousands digit of 5215362?
2
What is the thousands digit of 5271506?
1
What is the hundred thousands digit of 5146409?
1
What is the thousands digit of 527316?
7
What is the ten thousands digit of 1185185?
8
What is the units digit of 403225?
5
What is the units digit of 2859219?
9
What is the ten thousands digit of 23528718?
2
What is the units digit of 3014230?
0
What is the tens digit of 1811750?
5
What is the tens digit of 371886?
8
What is the thousands digit of 42419?
2
What is the ten thousands digit of 11495105?
9
What is the hundreds digit of 1195066?
0
What is the hundreds digit of 1266085?
0
What is the millions digit of 1365143?
1
What is the hundred thousands digit of 4714721?
7
What is the thousands digit of 2311060?
1
What is the tens digit of 585546?
4
What is the millions digit of 16125086?
6
What is the tens digit of 1849255?
5
What is the ten thousands digit of 67538?
6
What is the ten thousands digit of 86937?
8
What is the units digit of 2806758?
8
What is the units digit of 412749?
9
What is the hundreds digit of 179531?
5
What is the tens digit of 7506138?
3
What is the units digit of 379868?
8
What is the thousands digit of 172543?
2
What is the ten thousands digit of 149969?
4
What is the tens digit of 232692?
9
What is the ten thousands digit of 11372846?
7
What is the hundreds digit of 1099617?
6
What is the hundreds digit of 3186461?
4
What is the thousands digit of 233166?
3
What is the hundreds digit of 70837?
8
What is the tens digit of 30060135?
3
What is the ten thousands digit of 946895?
4
What is the tens digit of 51348?
4
What is the units digit of 16928697?
7
What is the hundred thousands digit of 14675144?
6
What is the units digit of 184505?
5
What is the ten thousands digit of 3503785?
0
What is the tens digit of 1048828?
2
What is the tens digit of 3673875?
7
What is the ten thousands digit of 362996?
6
What is the thousands digit of 265464?
5
What is the tens digit of 15599898?
9
What is the tens digit of 465624?
2
What is the units digit of 621227?
7
What is the tens digit of 2680452?
5
What is the thousands digit of 712175?
2
What is the tens digit of 3715591?
9
What is the millions digit of 23599952?
3
What is the tens digit of 235788?
8
What is the thousands digit of 45145?
5
What is the units digit of 62686?
6
What is the thousands digit of 6311849?
1
What is the tens digit of 1142212?
1
What is the ten thousands digit of 6308860?
0
What is the units digit of 62737?
7
What is the units digit of 796594?
4
What is the ten thousands digit of 194381?
9
What is the units digit of 4195257?
7
What is the units digit of 357913?
3
What is the ten millions digit of 11159216?
1
What is the ten thousands digit of 342181?
4
What is the units digit of 9834940?
0
What is the hundred thousands digit of 264636?
2
What is the hundred thousands digit of 1769628?
7
What is the ten thousands digit of 541486?
4
What is the units digit of 216066?
6
What